is the highest common divisor of 6 and a?
6
Suppose 0 = 4*a - 5*o + 42 - 119, 80 = 5*a - 3*o. What is the greatest common factor of 39 and a?
13
Let n be ((-315)/54)/(1/(-6)). Calculate the greatest common divisor of n and 35.
35
Let r(n) = -2*n - 1. Let a = -23 - -12. Let v be r(a). What is the greatest common divisor of 7 and v?
7
Suppose 2*b = 7*b + 140. Let d = b + 52. Calculate the highest common divisor of d and 3.
3
Suppose -3*k + 53 = -13. Let q = 37 - k. What is the highest common factor of 3 and q?
3
Let u be -1 - 1*2/2. Let r be (-33)/(-7) - u/7. Suppose 5 = i - 0*i. Calculate the greatest common factor of i and r.
5
Let t(g) = -4*g - 7. Let a be t(-6). Let x be (-2)/5 - (-36)/(-10). Let s be (-4 - 14)/(x/34). Calculate the greatest common divisor of a and s.
17
Let o(w) = -4*w - 1. Let r be o(-1). Suppose 0 = -r*n - n + 3*l + 232, 2*n - 130 = 5*l. Calculate the highest common divisor of n and 5.
5
Suppose 0 = -5*q - 0 + 20. Let x be 2018/14 + q/(-28). What is the greatest common divisor of 16 and x?
16
Let p be 3*6/24 - (-58)/8. What is the highest common divisor of p and 4?
4
Let m = 263 - 103. Suppose 4*l + m = 9*l. What is the highest common factor of l and 48?
16
Let p be 2/15 - (-3938)/165. What is the highest common factor of p and 96?
24
Let j be (-3)/(-5) + 260/25. Let r(g) = 45*g - 2. Let d be r(2). What is the highest common divisor of j and d?
11
Suppose 0 = -3*b + 2*n + 38 + 98, 228 = 5*b - 2*n. Suppose 0 = -3*m + 2*r - r - b, r = m + 12. Let c = m + 33. What is the highest common divisor of c and 40?
8
Let d = -111 + 243. What is the highest common factor of d and 12?
12
Suppose 78 = 3*a + g, 2*g - 10 = 5*a - 140. Calculate the greatest common factor of 78 and a.
26
Let d(n) = n + 7. Let f be d(0). Calculate the highest common factor of f and 56.
7
Let s be (-2)/(-13) - 50/(-13). Suppose s*a = -0*a + 36. Let g be (-4)/16 - 794/(-8). Calculate the greatest common divisor of a and g.
9
Let m(g) = 0*g**2 + 0*g**2 + 1 + 16*g**3 - g + 0 + g**2. Let y be m(1). Suppose 0 = -f + 9 + y. What is the highest common factor of f and 65?
13
Let b(r) = -r**3 - 8*r**2 - 4*r - 10. Let v be b(-8). What is the highest common divisor of v and 33?
11
Suppose -5*t + 203 = 1093. Let i be (-2)/(-7) - t/14. What is the greatest common factor of 13 and i?
13
Suppose -3*o + 52 = 4*s, 5*s + 6 - 72 = -4*o. What is the highest common factor of 70 and s?
10
Let s(u) = u**3 + 6*u**2 - 8*u - 2. Let x be s(-7). Suppose 2*a - x = 5. What is the greatest common divisor of 5 and a?
5
Let n = 82 - 58. Calculate the highest common divisor of 312 and n.
24
Let d(k) = 3*k**2 - k - 4. Let a(c) = 21*c**2 - 6*c - 27. Let r(w) = 4*a(w) - 27*d(w). Let v be r(-3). What is the greatest common divisor of 72 and v?
18
Let a = 363 - 251. What is the greatest common divisor of a and 16?
16
Let t(x) = -58*x. Let z be t(-2). What is the highest common factor of z and 29?
29
Let p = -2 - -2. Suppose 3*g - 94 - 44 = p. Let w = g + -26. Calculate the highest common factor of w and 2.
2
Let b = 59 - 17. Let k = b - 24. Suppose -t - 18 = -0*a - a, -a + k = t. What is the highest common factor of 36 and a?
18
Suppose -3*q - 101 = -5*d, -d + 2*d - 37 = -5*q. Suppose 5*p - 3*z - z = 25, 0 = 2*z. Suppose p*o - 60 + 5 = 0. What is the highest common factor of o and d?
11
Let n(p) = -p**3 - 4*p**2 + p - 2. Suppose -8 = w - 3*m + 12, 0 = -w + 2*m - 15. Let v be n(w). Calculate the highest common factor of 180 and v.
18
Suppose -30 = 5*y - 105. What is the highest common factor of 3 and y?
3
Suppose -8*x + 14 = -4*x - 3*i, -5*x = -2*i - 21. Calculate the highest common factor of x and 5.
5
Let s(j) = j**2 + j + 1. Suppose 1 - 11 = -4*d - 2*f, 2*d = 4*f + 10. Let b be s(d). Calculate the highest common factor of b and 39.
13
Suppose -6*c = -8*c + 88. Let u(m) = 2*m**2 - m - 2. Let d be u(2). What is the greatest common factor of d and c?
4
Suppose -4*d = 20, m = 2*m - 5*d - 37. Let p(r) = 12*r**2 + r + 1. Let f be p(-1). Calculate the greatest common factor of f and m.
12
Suppose -4*k = -2*r - 2*r - 4, 3*k - 9 = 0. Suppose a - r - 2 = 0. Calculate the highest common divisor of a and 36.
4
Suppose l - 4 = b, 5*b + 18 = 2*l - 14. Let t be (60/8)/((-2)/b). Suppose -4*o + 46 = 3*y, 30 = y + 8*o - 3*o. Calculate the highest common factor of y and t.
10
Suppose 2*k - 2 = -0. What is the greatest common factor of 3 and k?
1
Let a be (6*3/7)/((-25)/(-875)). What is the highest common divisor of 10 and a?
10
Suppose -79 = -8*r - 23. Let n(q) = q**3 - q**2 - 3*q - 2. Let d be n(3). Calculate the greatest common factor of r and d.
7
Suppose -l + 0*r + r + 11 = 0, -2*r + 38 = 3*l. Calculate the highest common factor of l and 84.
12
Suppose 4*r + 5*p - 25 = 7, 4*p = -3*r + 25. Calculate the greatest common factor of r and 27.
3
Let s(k) = k**3 - 24*k**2 + 2*k - 32. Let u be s(24). Calculate the greatest common divisor of 144 and u.
16
Suppose -4*i + 13 - 67 = -2*d, i = -3*d + 95. Calculate the greatest common divisor of 62 and d.
31
Let i = -1 - -5. Suppose -i*c - 69 - 3 = 0. Let s = c + 54. Calculate the highest common divisor of 12 and s.
12
Let y(v) = -v**3 - 3*v**2 + 2*v + 4. Let z be y(-5). Let d be ((-9)/6)/((-9)/24). Calculate the greatest common divisor of z and d.
4
Let d be 76 + (1 + -2 - -4). Suppose -3*c + d = 7. What is the highest common divisor of c and 60?
12
Suppose 2*y + 3*x - 2 = 3, 5*y + 2*x - 29 = 0. Calculate the highest common factor of y and 35.
7
Let z be 3/12 + ((-27)/(-4) - 1). Calculate the greatest common factor of 2 and z.
2
Let v be -2 - 5*(-7 + 1). What is the greatest common factor of 14 and v?
14
Suppose 25*f - 22 = 23*f. Let t(b) = -b - 5. Let q be t(-6). Calculate the greatest common divisor of f and q.
1
Let q = 28 + -9. Calculate the highest common divisor of q and 95.
19
Let h = 4 - 2. Let j = 14 + h. Calculate the greatest common divisor of 128 and j.
16
Suppose 3*w + 2*w = 50. Suppose -w + 30 = -5*c, -2*p + 3*c + 48 = 0. Let r = 29 - 20. What is the highest common factor of p and r?
9
Let x(u) be the second derivative of -u**5/20 + u**4 + 8*u**3/3 + 11*u**2/2 + u. Let g be x(13). What is the greatest common factor of g and 25?
25
Suppose -3*i + 13 = 4*x, 4*i = 3*x - i + 12. Let t = -3 - -5. Suppose -t = o - 2*o. What is the highest common divisor of x and o?
1
Let v(g) = 10 - 4*g - 3*g + 23*g + 2. Let k be v(12). Suppose 5*y - k = 2*x - 0*x, -y + 54 = 4*x. What is the highest common divisor of 14 and y?
14
Let j = 55 + -27. Calculate the highest common factor of j and 4.
4
Let u(k) = -2*k. Let y be u(-1). Suppose -y*f - 42 = -5*f. What is the highest common factor of f and 112?
14
Suppose 2*w - 14 = 2*k, 5*w - 61 = 2*w - 5*k. What is the greatest common factor of w and 108?
12
Let u be 9/(36/200) - (1 + -1). What is the highest common divisor of u and 20?
10
Let g(l) = -l**3 + l**2 + 3*l - 3. Let m be g(3). Let n = -4 - m. What is the greatest common divisor of n and 72?
8
Let h = -7 - -12. Suppose -2*x = -0*x, -5*v = -4*x - h. Suppose 15 = 5*a - 5*t, a - 10 = -3*a + 3*t. Calculate the highest common divisor of a and v.
1
Suppose 5*l - 35 = -5*s, 71 = 2*s + 3*s - 4*l. Calculate the highest common divisor of s and 88.
11
Suppose 2*k = -14 - 4. Let n(p) = -p**2 - 13*p - 1. Let q be n(k). Calculate the highest common divisor of 5 and q.
5
Let d = 3 + -3. Suppose 0*r - 4*r - 180 = d. Let w be (r/20)/((-6)/160). What is the greatest common divisor of 15 and w?
15
Suppose -s - 2*w - 5 = -18, 0 = 3*s - 5*w + 5. What is the greatest common factor of 55 and s?
5
Let c = 31 + -19. Let j be ((-9)/(-6))/((-6)/(-16)). Calculate the highest common divisor of j and c.
4
Let v = 2 - 0. Suppose 0*i = -v*i + 8. Calculate the highest common factor of i and 4.
4
Suppose -169 = -5*m + k, 2*m - 5*k = -1 + 64. Calculate the highest common divisor of 136 and m.
34
Suppose 3*a = -2*a + 440. Let j = -37 + a. What is the greatest common divisor of 34 and j?
17
Suppose 0 = 2*y - 2*m - 8, 52 = 5*y - m + 4*m. What is the highest common divisor of 8 and y?
8
Let d(r) = -r**2 + 12*r + 6. Let c be d(12). Let m = 157 - 268. Let y = -57 - m. What is the highest common factor of c and y?
6
Suppose -174 = -4*m + t - 8, 5*t = -5*m + 220. What is the greatest common factor of m and 28?
14
Le